) = k - 3. Let x(z) = -z + 2. Let r(u) = -3*o(u) - 5*x(u). Let b(v) = q*y(v) - 2*r(v). Give b(-4).
3
Let q(k) = -5*k**3 - 2*k**2 - 2*k - 1. Let n(l) = -l + 4. Let r = 11 + -4. Let i be n(r). Let c be 1/(i/3 - 0). Determine q(c).
4
Suppose -6*q + 68 + 82 = 0. Let j(o) = -50 + o + q + 23. Suppose 10 = 2*c - 0. Give j(c).
3
Let c be (-6)/(-3) + (-1 - -4). Suppose 2*h - 1 = o, 4*o + 1 = c. Let v(z) = 19*z + h - 12*z - 6*z. Determine v(5).
6
Let l be (13/26)/(2/12). Let t(a) = -5*a + 3. Let y(z) = -5*z + 3. Let u(h) = l*y(h) - 2*t(h). Suppose 0 = -5*b + 6 + 9. Calculate u(b).
-12
Let y(k) be the second derivative of -k**5/20 - k**4/4 + k**3 + 5*k**2/2 - 2*k - 143. Give y(-4).
-3
Let g(p) = 20 - 6 - 13*p + p**2 + 2 + 24*p + 10. Calculate g(-5).
-4
Let l(v) = 2*v - 2. Let r = 1291 - 1288. Determine l(r).
4
Let f(k) = -k**3 + 7*k**2 - 8*k + 18. Let n(x) = x - 3. Let u(i) = -f(i) - 5*n(i). Determine u(5).
-38
Let h(b) = 1407*b + 1 - 1402*b + 0. Let l(w) = -w**2 + 5*w + 7. Let v be l(6). What is h(v)?
6
Let r(w) be the second derivative of -w**6/120 + w**5/10 - 7*w**4/24 - w**3/3 + 33*w**2/2 - 11*w. Let k(c) be the first derivative of r(c). Give k(5).
-12
Let l(u) = -11 + u - 8 + 1 + 7. Give l(10).
-1
Let q(v) be the first derivative of -1/2*v**2 + 12 - 8*v. Determine q(-6).
-2
Let l(b) = 3*b - 7. Let z(g) = -g**3 - 3*g**2 + 2*g - 1. Suppose -8*p + 25 = -3*p, -2*q + 2*p - 16 = 0. Let v be z(q). Let k = v - -12. What is l(k)?
8
Let r(j) = j**2 - 7*j**3 - 9*j**3 + 14*j**3 - 3 + 2*j. Suppose -2*l = -l - 2. Suppose 5*t + l = -5*y - 8, 3*t + 4*y + 10 = 0. Give r(t).
-11
Let j(m) = m**3 - m**2 + 12*m + 3. Let b(h) = -3*h**3 + 4*h**2 - 34*h - 8. Let a(g) = 4*b(g) + 11*j(g). Let t = 2 + 2. Determine a(t).
1
Let u = -314 + 318. Let j(g) = -4*g**2 + 5*g + 2 + 0*g + 3*g**2. Calculate j(u).
6
Suppose 13*h = 5*h + 24. Let f(l) = 3*l - 3. Calculate f(h).
6
Let a(o) be the second derivative of -o**6/120 + 7*o**5/60 + 7*o**4/24 + o**3/6 + 4*o**2 - 12*o. Let i(t) be the first derivative of a(t). Determine i(8).
-7
Let o(r) = 4*r**3 + r**2 - 1. Let v be 2*-3*(-1)/(-6). Let f be -2*v/2 + 24. Suppose 5*p = 5*q - f, -4*q + 1 = p - 14. Determine o(p).
-4
Let d(b) = 6*b - 3. Let f(y) = 7*y - 4. Let p(v) = -5*d(v) + 4*f(v). Suppose 0 = 2*i - 5*q - 21, 25 - 1 = 5*i - 3*q. Determine p(i).
-7
Let f be (-31)/4 - (11 - (-258)/(-24)). Let a(o) = -3*o**2 - 22*o + 4. What is a(f)?
-12
Let i(j) = j**2 + 5*j - 9. Let z(c) = 10*c**2 + 7*c + 4. Let p(w) = 11*w**2 + 8*w + 4. Let s(a) = 4*p(a) - 5*z(a). Let d be s(-1). Calculate i(d).
5
Suppose f = -x - 3 - 2, f + 3*x + 9 = 0. Suppose 8 = 5*a - 7. Let g(i) = 3*i + 4 - a*i - 3*i + i. Give g(f).
10
Let i(m) = -2*m - 13. Let d(b) = -2*b - 12. Let k(l) = -7*d(l) + 6*i(l). Determine k(-6).
-6
Let c(r) = -2*r**2 + 3*r + 3. Let w(h) = -8*h - 9. Let a(f) = -f + 1. Let g(v) = -6*a(v) + w(v). Let m be g(-9). Calculate c(m).
-6
Let w = -34 + 48. Suppose -5*h - 8 = -4*j - 18, -5*j + 1 = -4*h. Let d(b) = -h*b - 6*b + w*b. What is d(-3)?
-6
Let u = -3378 - -3383. Let y(m) = 5 - 1 - 3*m + 0. What is y(u)?
-11
Let y be (-2)/1 - -7 - -1. Let q(r) = 3 + 4*r - 4*r - 4 - r + 7. Calculate q(y).
0
Let n(f) = 3*f**3 - 2*f**2 + 6*f + 13. Let k = 200 - 195. Let l(d) = -7*d - 3*d**3 - d**3 + 0*d**3 + d**2 - 14. Let p(w) = k*n(w) + 4*l(w). Give p(-6).
-3
Let c(g) = g**3 + 12*g**2 + 11*g - 7. Let h be 12/9*165/(-20). What is c(h)?
-7
Let k be 8/20 - 8/(-5). Let l(f) = 1 + 5*f**2 - 9*f**2 + f**2 - k*f + 6*f**2. Let i = 3 - 2. Calculate l(i).
2
Let r(g) be the first derivative of g**3/3 - 7*g + 104. Let d = 0 - 0. Calculate r(d).
-7
Let d(x) = 2*x + x**3 + x**2 + 3 - 5 - 4*x. Let c be 81/54*3/(27/(-12)). Give d(c).
-2
Let i be 6/(-15) + (-4)/(-10). Suppose -3*z - 2*z = i. Let l be (z - 3)/3*1. Let v(u) = -12*u**3 + u**2. What is v(l)?
13
Let s(a) = 3*a**2 - 4*a + 3. Let t(x) = -2*x + 24. Let n(f) = -2*f + 24. Let b(v) = -6*n(v) + 5*t(v). Let z be b(13). Determine s(z).
7
Let m(c) be the first derivative of c**2 - 4*c - 268. Give m(-9).
-22
Let g(o) be the second derivative of -11*o**3/3 - o**2 - 12*o + 3. Calculate g(-1).
20
Let s(w) be the first derivative of w**3 - 2*w**2 - 4*w - 392. What is s(-1)?
3
Let d(k) = -1 - 2*k + 2 + 3*k. Let l(g) = -6*g**2 + 80*g - 81. Let b be l(1). Give d(b).
-6
Let c(f) = -f - 5. Let a(u) = 2*u**2 + 239*u + 9*u**3 - 2 - 239*u. Let k be a(-1). Calculate c(k).
4
Let j be 740/(-222) - (-1)/((-1)/(-4)). Let h(f) be the third derivative of 0 - f**2 - 1/12*f**4 + 0*f - j*f**3. What is h(-6)?
8
Let s(w) = -254*w - 6*w**2 + 511*w - 3 - 258*w + w**3. Let o = 74 + -68. Calculate s(o).
-9
Let f(g) be the third derivative of -7*g**6/60 + g**5/60 - 72*g**2. What is f(1)?
-13
Suppose 4*m = -t + 20, -m = -4 - 1. Suppose 4*j + 5 - 1 = t. Let n(o) be the first derivative of 4*o**2 - o - 3. What is n(j)?
-9
Let g be 6 - 2 - (2 + -1). Let j be ((-2)/(-4))/(g/18). Let m(n) = 3*n**j - 5 - n**2 - n**3 - 3*n**3 + 1. Give m(0).
-4
Let p(a) be the second derivative of a**5/20 - 5*a**4/12 - 7*a**3/6 + a**2/2 - 22*a. Determine p(6).
-5
Suppose 270 = -30*r + 3*r. Let f(v) = -v - 11. Give f(r).
-1
Let d(i) = -30*i + 53*i - 12 - 22*i. Give d(0).
-12
Let m(j) = j**3 + 2*j**2 - j - 2. Let o(d) = -d**3 - d**2 + d + 1. Let i(b) = 4*m(b) + 5*o(b). Calculate i(4).
-15
Let k(w) = 5*w**3 - 3 + 2 + w**3 - 2*w**2 + 2*w. Suppose 0 = 4*t - 4 - 4. Let o = -1 + t. Determine k(o).
5
Let f(s) = 9*s**3 + s**2 - 4*s + 2. Let n = -140 - -141. What is f(n)?
8
Suppose 28*v + 23*v = 153. Let t(l) = 2*l**3 - 3*l**2 - 3*l - 3. Determine t(v).
15
Let a(i) = 10*i**2 + 18*i + 10. Let w(d) = 7*d**2 + 12*d + 7. Let s(b) = -5*a(b) + 7*w(b). Give s(-4).
7
Let x(m) = -m**3 - 7*m**2 - 6*m - 7. Let c(j) = j**2 - 25*j + 40. Let i be c(23). Calculate x(i).
-7
Suppose 4*a + 0 = -8. Let u(n) = 3*n - 3. Let r(s) = 2*s - 2. Let p(o) = r(o) - u(o). Let f be p(a). Let g(b) = b**2 - 2*b - 4. Give g(f).
-1
Let t(j) = -j - 7. Let w(u) = 2*u**2 + 6*u + 5. Let i be w(-5). Suppose 4*c - 41 + 13 = -4*o, 4*o = -3*c + i. Let p be 0*o*(-1)/(-8). Calculate t(p).
-7
Let v(n) = -2*n**3 - 5*n**2 - 4*n - 2. Let d = -81 + 78. Calculate v(d).
19
Let z be 3/2*56/42. Let g(c) = c**2 + 5 - 2 - 3 - z*c. Suppose -2*h - 46 + 40 = 0. Give g(h).
15
Let c(o) = -6*o + 5. Let q(u) = -5*u + 4. Let t(v) = -4*c(v) + 5*q(v). Let w = 3557 - 3550. Calculate t(w).
-7
Let x(u) = -u**3 + 9*u**2 - 7*u - 3. Let f = -147 - -155. Give x(f).
5
Let u(r) be the third derivative of -r**6/120 - r**5/10 - r**4/4 - r**3 - 18*r**2 + 6*r. Determine u(-5).
-1
Let i(g) = -g**3 + 5*g**2 + 8*g + 7. Let w(z) = -z**2 - 2*z. Let t(r) = -i(r) - 4*w(r). Calculate t(0).
-7
Let o(y) = -y. Let f be o(-3). Suppose 3*t + 7 - 40 = 0. Let k(r) = -4*r**2 + t*r**3 - 8 + r**2 + 4 + 4*r - 10*r**3. What is k(f)?
8
Let g(j) = j**2 + 5*j - 3. Let z(x) = x**3 + 2*x**2 - 3*x. Let p be z(2). Let h be (-9)/15 - 54/p. What is g(h)?
3
Let s(h) = 0*h - 34787 - 8*h + 34794 + 0*h + 3*h**2. Determine s(3).
10
Suppose 0 = -13*j - 8*j - 105. Let v(q) = q**2 + 3*q. Determine v(j).
10
Let v(a) = a - a**2 - 5*a - 5 + 10. Let g = -5 + 10. Suppose 4*z - 26 = 5*n, -3*z = 3*n + 26 - g. Determine v(n).
-7
Let t(k) = -k**3 - 4*k**2 + 3*k - 5. Suppose -4*a - 9 = -5*r, 0 = -a + 2*a - 4*r + 5. Suppose -2*v = -2*d - 10 - 12, -v = -5. Let h = d - a. Give t(h).
5
Let i(n) = 11317 - 11326 + 2*n + 4*n - 7*n. Suppose 2*u - 30 + 8 = 4*c, 0 = 2*c - 4*u + 14. Calculate i(c).
-4
Let l(m) be the first derivative of m**4/4 + 7*m**3/3 - 7*m**2/2 - 2*m - 362. Let g(q) = q - 8. Let r be g(0). Determine l(r).
-10
Suppose t - 5*y - 38 = 0, -t = t - 3*y - 48. Let z(q) = -q**2 + 18*q - 10. What is z(t)?
-10
Let f be (1/(-2))/(((-36)/(-8))/(-9)). Let d(c) = c - 1. What is d(f)?
0
Let w(m) be the second derivative of m**3/6 + 3*m**2 - 20*m - 1. Calculate w(-5).
1
Let t(c) = -c**3 + 7*c**2 - 2*c + 11. Let u be t(7). Let p be (u/(-5))/((-4)/20). Let d(f) = 2*f**2 + 4*f + 3. Give d(p).
9
Let f(r) = -3*r**2 + 2*r + 1. Let p be 1*20*(0 - -1). Let u = -17 + p. Let c(x) = -x**2 + 3*x + 2. Let a be c(u). Calculate f(a).
-7
Let l(t) = 7*t + 217. Let v be l(-30). Let j(m) be the third derivative of 0*m**3 + 1/12*m**4 + v*m**2 - 1/60*m**5 + 0*m + 0. Determine j(3).
-3
Let u(s) be the first derivative of -s**3/3 + s**2 - s + 3. Le